{"id":19,"date":"2024-02-08T10:40:51","date_gmt":"2024-02-08T10:40:51","guid":{"rendered":"https:\/\/canaldelasaves.es\/?page_id=19"},"modified":"2024-02-19T09:48:31","modified_gmt":"2024-02-19T09:48:31","slug":"el-canal-de-las-aves","status":"publish","type":"page","link":"https:\/\/canaldelasaves.es\/index.php\/el-canal-de-las-aves\/","title":{"rendered":"El Canal de las Aves"},"content":{"rendered":"\n<p>La zona Regable del Canal de Las Aves forma parte de la infraestructura de los Canales de Aranjuez, y es la m\u00e1s Antigua de la cuenca del Tajo. Su origen se remonta a los tiempos de Carlos I, quien mand\u00f3 construir en el a\u00f1o 1.535 la presa del Embocador para derivar agua del r\u00edo Tajo y regar los Reales Sitios.  El conjunto de presa y canales de derivaci\u00f3n estuvo adscrito al Patrimonio Real hasta 1.933, fecha en la que fue entregada al Ministerio de Obras P\u00fablicas para su administraci\u00f3n, juntamente con la de los canales. Actualmente se integra en el Servicio de la Zona 1\u00aa de Explotaci\u00f3n de la Confederaci\u00f3n Hidrogr\u00e1fica del Tajo.<\/p>\n\n\n\n<p>El Canal de las Aves nace en la Presa de El Embocador en el T\u00e9rmino Municipal de Aranjuez, regando en la actualidad una superficie de 3.744,81 Ha en la franja comprendida entre la toma del r\u00edo y la confluencia del canal con el r\u00edo Algodor, en el l\u00edmite con la provincia de Toledo, la longitud total del canal en este tramo es de 39.802 metros.  La zona regable actual del canal se sit\u00faa fundamentalmente en el T\u00e9rmino Municipal de Aranjuez (Madrid), sin embargo existe una peque\u00f1a zona de riego en el T.M. de A\u00f1over de Tajo y Villaseca de la Sagra, ambos en la Provincia de Toledo, debido a la existencia de un antiguo meandro del r\u00edo actualmente abandonado que dio lugar a esta distribuci\u00f3n territorial de t\u00e9rminos, y en el T.M. de Toledo. <\/p>\n\n\n<div class=\"wp-block-image\">\n<figure class=\"aligncenter size-large is-resized\"><img loading=\"lazy\" decoding=\"async\" width=\"1024\" height=\"405\" src=\"https:\/\/canaldelasaves.es\/wp-content\/uploads\/2024\/02\/image-1024x405.png\" alt=\"\" class=\"wp-image-38\" style=\"width:1011px;height:auto\" srcset=\"https:\/\/canaldelasaves.es\/wp-content\/uploads\/2024\/02\/image-1024x405.png 1024w, https:\/\/canaldelasaves.es\/wp-content\/uploads\/2024\/02\/image-300x119.png 300w, https:\/\/canaldelasaves.es\/wp-content\/uploads\/2024\/02\/image-768x304.png 768w, https:\/\/canaldelasaves.es\/wp-content\/uploads\/2024\/02\/image-506x200.png 506w, https:\/\/canaldelasaves.es\/wp-content\/uploads\/2024\/02\/image.png 1333w\" sizes=\"auto, (max-width: 1024px) 100vw, 1024px\" \/><\/figure>\n<\/div>\n\n\n<p><\/p>\n\n\n\n<p>La zona regable consiste en un canal de riego del que salen las acequias de distribuci\u00f3n, por lo tanto el sistema de regad\u00edo se realiza por gravedad, aprovechando la altura del canal respecto a la zona de riego. Los cultivos mayoritarios en dicha zona son el cereal de invierno (Trigo-Cebada), alfalfas y praderas, ma\u00edz y productos hort\u00edcolas. En el primer tramo del Canal de las Aves nos encontramos con la zona del municipio de Aranjuez en el cual se sit\u00faan grandes zonas pertenecientes a Patrimonio Nacional regadas por el propio canal.<\/p>\n\n\n\n<p>Una vez el canal, ha salido del municipio anteriormente mencionado, este discurre paralelo al r\u00edo Tajo dotando de riego a las parcelas situadas entre ambos, en las cuales, se cultivan principalmente las variedades citadas con anterioridad. La campa\u00f1a de riego en dicha zona regable comprende los meses de abril, mayo, junio, julio, agosto, septiembre y octubre.<\/p>\n\n\n\n<p>Los caudales m\u00e1ximos de uso en cabecera en el canal se encuentran en torno a los 4,5 m3\/s. En los casi 40 km de longitud que tiene el canal podemos encontrarnos 11 t\u00faneles, siendo los m\u00e1s importantes los que se sit\u00faan en la zona inicial del mismo (municipio de Aranjuez). De igual modo, el canal cuenta con 41 acueductos, situ\u00e1ndose estos a partir del punto kilom\u00e9trico 16. <\/p>\n\n\n<div class=\"wp-block-image\">\n<figure class=\"aligncenter size-large is-resized\"><img loading=\"lazy\" decoding=\"async\" width=\"1024\" height=\"701\" src=\"https:\/\/canaldelasaves.es\/wp-content\/uploads\/2024\/02\/image-2-1024x701.png\" alt=\"\" class=\"wp-image-150\" style=\"width:545px;height:auto\" srcset=\"https:\/\/canaldelasaves.es\/wp-content\/uploads\/2024\/02\/image-2-1024x701.png 1024w, https:\/\/canaldelasaves.es\/wp-content\/uploads\/2024\/02\/image-2-300x205.png 300w, https:\/\/canaldelasaves.es\/wp-content\/uploads\/2024\/02\/image-2-768x526.png 768w, https:\/\/canaldelasaves.es\/wp-content\/uploads\/2024\/02\/image-2-292x200.png 292w, https:\/\/canaldelasaves.es\/wp-content\/uploads\/2024\/02\/image-2.png 1069w\" sizes=\"auto, (max-width: 1024px) 100vw, 1024px\" \/><figcaption class=\"wp-element-caption\">Recorrido  del canal en t\u00fanel a su paso por Aranjuez.<\/figcaption><\/figure>\n<\/div>","protected":false},"excerpt":{"rendered":"<p>La zona Regable del Canal de Las Aves forma parte de la infraestructura de los Canales de Aranjuez, y es la m\u00e1s Antigua de la cuenca del Tajo. Su origen se remonta a los tiempos de Carlos I, quien mand\u00f3 construir en el a\u00f1o 1.535 la presa del Embocador para &hellip;<\/p>\n","protected":false},"author":1,"featured_media":0,"parent":0,"menu_order":0,"comment_status":"closed","ping_status":"closed","template":"","meta":{"footnotes":""},"class_list":["post-19","page","type-page","status-publish","hentry"],"_links":{"self":[{"href":"https:\/\/canaldelasaves.es\/index.php\/wp-json\/wp\/v2\/pages\/19","targetHints":{"allow":["GET"]}}],"collection":[{"href":"https:\/\/canaldelasaves.es\/index.php\/wp-json\/wp\/v2\/pages"}],"about":[{"href":"https:\/\/canaldelasaves.es\/index.php\/wp-json\/wp\/v2\/types\/page"}],"author":[{"embeddable":true,"href":"https:\/\/canaldelasaves.es\/index.php\/wp-json\/wp\/v2\/users\/1"}],"replies":[{"embeddable":true,"href":"https:\/\/canaldelasaves.es\/index.php\/wp-json\/wp\/v2\/comments?post=19"}],"version-history":[{"count":9,"href":"https:\/\/canaldelasaves.es\/index.php\/wp-json\/wp\/v2\/pages\/19\/revisions"}],"predecessor-version":[{"id":170,"href":"https:\/\/canaldelasaves.es\/index.php\/wp-json\/wp\/v2\/pages\/19\/revisions\/170"}],"wp:attachment":[{"href":"https:\/\/canaldelasaves.es\/index.php\/wp-json\/wp\/v2\/media?parent=19"}],"curies":[{"name":"wp","href":"https:\/\/api.w.org\/{rel}","templated":true}]}}