{"id":97,"date":"2024-02-12T11:28:25","date_gmt":"2024-02-12T11:28:25","guid":{"rendered":"https:\/\/canaldelasaves.es\/?page_id=97"},"modified":"2024-02-28T08:24:24","modified_gmt":"2024-02-28T08:24:24","slug":"jurado-de-riegos","status":"publish","type":"page","link":"https:\/\/canaldelasaves.es\/index.php\/jurado-de-riegos\/","title":{"rendered":"Jurado de Riego"},"content":{"rendered":"\n<p>El Jurado de Riego tiene por objeto conocer de las cuestiones de hecho que se susciten sobre el uso y aprovechamiento del agua y dem\u00e1s bienes de la Comunidad, entre los regantes y dem\u00e1s participes. Examinar las denuncias que se le presenten por infracci\u00f3n de las Ordenanzas y las que por extensi\u00f3n puedan surgir, y tomar un acuerdo y dictar sus fallos por mayor\u00eda de votos de sus vocales. <\/p>\n\n\n\n<p>Sus procedimientos ser\u00e1n p\u00fablicos y verbales y sus fallos, ejecutivos.<\/p>\n\n\n\n<p>El Jurado de Riego se compone de un presidente, elegido por la Junta de Gobierno entre uno de sus vocales y de cinco vocales y cinco suplentes, elegidos directamente por la Comunidad de Regantes en asamblea general, en la misma forma y con iguales requisitos que la de vocales de la Junta de Gobierno.<\/p>\n\n\n\n<p>El Jurado de Riego se reunir\u00e1 cuando se presente cualquier queja o denuncia, cuando lo pida la mayor\u00eda de sus vocales, o por decisi\u00f3n del presidente.<\/p>\n\n\n\n<p>A continuaci\u00f3n se presenta el organigrama actual del Jurado de Riego:<\/p>\n\n\n\n<p><strong>PRESIDENTE:<\/strong> D. Manuel Vicente P\u00edriz Carmena.<\/p>\n\n\n\n<p><strong>VOCALES:<\/strong><\/p>\n\n\n\n<p><strong>TITULARES:<\/strong><\/p>\n\n\n\n<p>D. Jos\u00e9 Ferrer S\u00e1nchez.<\/p>\n\n\n\n<p>D. Saulo Ortega Ruano.<\/p>\n\n\n\n<p>D. Manuel Vicente P\u00edriz Carmena.<\/p>\n\n\n\n<p>D. Jes\u00fas Villaseca S\u00e1nchez.<\/p>\n\n\n\n<p>D. Gregorio Garc\u00eda Velasco.<\/p>\n\n\n\n<p><strong>SUPLENTES:<\/strong><\/p>\n\n\n\n<p>D. Jos\u00e9 Ignacio S\u00e1nchez Cu\u00e9llar.<\/p>\n\n\n\n<p>D. Isabelo Tard\u00edo Redondo.<\/p>\n\n\n\n<p>D. Juan Carlos Fern\u00e1ndez P\u00e9rez.<\/p>\n\n\n\n<p>D. Antonio Garc\u00eda Ortega.<\/p>\n\n\n\n<p>D. Antonio S\u00e1nchez S\u00e1nchez.<\/p>\n","protected":false},"excerpt":{"rendered":"<p>El Jurado de Riego tiene por objeto conocer de las cuestiones de hecho que se susciten sobre el uso y aprovechamiento del agua y dem\u00e1s bienes de la Comunidad, entre los regantes y dem\u00e1s participes. Examinar las denuncias que se le presenten por infracci\u00f3n de las Ordenanzas y las que &hellip;<\/p>\n","protected":false},"author":1,"featured_media":0,"parent":0,"menu_order":0,"comment_status":"closed","ping_status":"closed","template":"","meta":{"footnotes":""},"class_list":["post-97","page","type-page","status-publish","hentry"],"_links":{"self":[{"href":"https:\/\/canaldelasaves.es\/index.php\/wp-json\/wp\/v2\/pages\/97","targetHints":{"allow":["GET"]}}],"collection":[{"href":"https:\/\/canaldelasaves.es\/index.php\/wp-json\/wp\/v2\/pages"}],"about":[{"href":"https:\/\/canaldelasaves.es\/index.php\/wp-json\/wp\/v2\/types\/page"}],"author":[{"embeddable":true,"href":"https:\/\/canaldelasaves.es\/index.php\/wp-json\/wp\/v2\/users\/1"}],"replies":[{"embeddable":true,"href":"https:\/\/canaldelasaves.es\/index.php\/wp-json\/wp\/v2\/comments?post=97"}],"version-history":[{"count":6,"href":"https:\/\/canaldelasaves.es\/index.php\/wp-json\/wp\/v2\/pages\/97\/revisions"}],"predecessor-version":[{"id":194,"href":"https:\/\/canaldelasaves.es\/index.php\/wp-json\/wp\/v2\/pages\/97\/revisions\/194"}],"wp:attachment":[{"href":"https:\/\/canaldelasaves.es\/index.php\/wp-json\/wp\/v2\/media?parent=97"}],"curies":[{"name":"wp","href":"https:\/\/api.w.org\/{rel}","templated":true}]}}